6 - 1). Suppose -3*x + x = -3*l - 27, o*x - 6 = -4*l. Is i(x) composite?
True
Suppose 5*m + 6733 = -5*w - 4777, -m = 4*w + 9199. Let r = 64 - w. Is r prime?
False
Suppose -190 = 2*o - 3*o. Let h = -629 + 638. Suppose h*c - 4*c = o. Is c a composite number?
True
Suppose 204305 = 3*m - 4*o, -39293 = -m - 3*o + 28800. Is m a prime number?
True
Suppose 3*r - r + 80029 = 3*r. Is r prime?
False
Suppose -2*u = -5*n + 14134721, 4*n + 15*u - 4019441 = 7288286. Is n a composite number?
True
Suppose s + 0*s = -2*j + 250, 994 = 4*s + 5*j. Let q be 23*(3 - -10 - 12). Let p = s - q. Is p prime?
True
Let j = -135125 + 239820. Is j a prime number?
False
Let i be (-5)/15 + (-26)/(-6). Suppose 7*v = -i*v + 37499. Is v prime?
False
Let w(i) = -6*i**3 + 181*i**2 - 115*i - 191. Is w(-55) prime?
False
Let d = 185 + -185. Suppose 6*i - 4*i - 2*y = 14432, d = -i - y + 7222. Is i a prime number?
True
Let u = -532885 + 1107146. Is u a prime number?
True
Suppose 24 = -n + 25. Let x be n/(-1)*(-5 - 7). Suppose -x*p - 111299 = -29*p. Is p a prime number?
True
Is (-21 - (-7171465)/70)/(21/10 - 2) prime?
False
Suppose -15*p = -14 - 61. Suppose 0 = p*m + y - 14038, m - 4*y - 2798 = -y. Is m a composite number?
True
Let b(u) = -u - 36. Let g be b(-36). Suppose g = 7*z - 247774 + 21023. Is z prime?
False
Let l = 64 - 61. Suppose 0 = g + 4*g + 5*r - 40, 0 = -4*g - l*r + 30. Suppose 8 = 2*d, 7*d - g*d + 3449 = 3*y. Is y a composite number?
False
Let w = 319 + -319. Suppose w = 7*r + 5631 - 14318. Is r a prime number?
False
Suppose 12*g = 11*g + 5*a - 19, 2*g + 5*a - 37 = 0. Let w be (g/(-5))/(69028/34520 + -2). Suppose -3*r = -3*b + 3450, -b - w = -4*b + r. Is b composite?
False
Let r(p) = 128*p + 135. Let d be r(-8). Let a = 1727 + d. Is a a composite number?
True
Suppose -44*o = -38*o - 12. Suppose -4*k - 21634 = -o*f, 8926 + 34334 = 4*f - 4*k. Is f composite?
True
Suppose -4*n - 3*v + 36 = 0, n - 30*v - 9 = -25*v. Suppose -n*s = -7192 - 2429. Is s a composite number?
False
Let z(s) = 12*s - 2897. Let m(q) = 36*q - 8689. Let x(d) = -6*m(d) + 17*z(d). Is x(0) prime?
False
Suppose -5*h - 4 = 2*s, -2 = h + 3*s + 4. Suppose h = 2*f + f + 18. Is (411 + 6)*(-2)/f prime?
True
Suppose -5*l - 5*r = -669240, -20*r + 41*r + 105 = 0. Is l a prime number?
True
Suppose 0 = -8*l - 599472 - 88976. Let x = -176533 - l. Is (-2)/8 + x/(-36) a prime number?
False
Let t = 121110 - 63436. Suppose -19*b - 18667 = -t. Is b prime?
True
Let b = -1282 + 597. Let u = b - -1064. Is u a composite number?
False
Suppose 6*d - 5*d = -4*b + 6935, 27779 = 4*d + 3*b. Is d a prime number?
True
Let i(d) = -d**3 - 6*d**2 - 11*d - 1. Let n be i(-3). Suppose 0 = n*c - 10, 2544 = 4*o - 27*c + 29*c. Is o composite?
True
Suppose -5*t + 861484 = 3*n, 102*n - 105*n = 21. Is t composite?
True
Suppose -2*s - 4*d = -12474, -25220 = -3*s + 5*d - 6454. Is s a prime number?
True
Is (-25161)/(-2)*(-168)/144*(-444)/21 prime?
False
Let n(w) = -12836*w + 2317. Is n(-23) composite?
True
Suppose -8*j - 3*j - 14*j = 0. Suppose j = -4*w + 3*s - 2*s + 1650, 0 = 3*w + 5*s - 1249. Is w prime?
False
Let f be 12 + (-32)/2 - (-1 + 20). Let l(m) = -m**3 + 14*m**2 + 59*m + 53. Is l(f) a prime number?
True
Suppose 12*d = 19*d + 21. Is (16125/(-4))/d - 24/32 composite?
True
Suppose -6*s + 157*s - 1307995 = 1840204. Is s a composite number?
False
Suppose -3*k - 4*f + 371043 = 0, 0*k - 2*f + 618391 = 5*k. Is k prime?
True
Suppose 29*g = -21*g + 25*g + 20689225. Is g composite?
True
Suppose 0 = 2*h + 4 - 12. Suppose -h*d = 869 + 1907. Let k = d + 1029. Is k a prime number?
False
Suppose -14 = -11*b + 4*b. Suppose b = -h + 2*w - w, -4*h - 2 = -2*w. Is 1 + 3953 + h - 2/1 composite?
True
Suppose 0 = 48*s + 36*s + 52*s - 4984808. Is s prime?
True
Let u = 114 + 13676. Suppose u + 9234 = 16*c. Is c a prime number?
True
Suppose 3*u + 15 = -3*t + 7*u, -2*t + 1 = u. Let c be 7 - 7 - (0 + t). Is (-1 - 1/(-2))/(c/(-74)) prime?
True
Let u(j) = 23*j**2 + 179*j - 61. Is u(-25) prime?
True
Suppose -6*s + 1498 - 208 = 0. Suppose 260 = -5*f + 5*b, 2*b - 158 = 3*f - 2*b. Let n = s - f. Is n prime?
False
Let t = 15716 - 9120. Let b = t - 3850. Is b a prime number?
False
Let k(s) be the third derivative of 0 + 1/6*s**3 + 0*s - 10*s**2 + 0*s**4 + 1/60*s**5 - 29/60*s**6. Is k(-2) a prime number?
False
Let z(j) = 624*j**2 - 2*j + 15. Let y be 441/(-108) + (-5)/(-60). Is z(y) a prime number?
True
Let v = -45747 + 70994. Is v composite?
False
Let j = 84575 - -519346. Is j a prime number?
False
Suppose 2*s = 8*i - 5*i + 23, -2*s = 4*i + 54. Let c(q) = 17*q**2 + 12*q - 34. Is c(i) a prime number?
False
Suppose 2*t + 5*b - 10 = 0, 4*t - 38 = -b - 0*b. Let f be (3606/t - -2) + 4/10. Suppose 5*o - f = -6*o. Is o a composite number?
True
Let r be (-11 - -13)/(2/(-1607)). Let l = r + 2694. Is l composite?
False
Let z = 1252 + -831. Let l = 2664 - z. Is l composite?
False
Suppose -3*x = -75 + 6. Suppose -17*g + x*g = -12. Let b(y) = -11*y**3 + 2*y**2 + 6*y + 5. Is b(g) a prime number?
True
Suppose 0 = -4*b - 2918 + 75082. Is b a prime number?
True
Let u = 139 + -145. Let g be ((-6)/(-3))/(u/30*-2). Suppose 0 = -2*v - g*m + 56, 2*v + 2*v - 140 = 4*m. Is v a prime number?
False
Suppose 3*b = 6, 20*h = 15*h + 5*b. Suppose -h*s - 7*s = -35433. Is s a prime number?
False
Let n be 0 - ((-3)/1 - -1). Let i be (104/16)/(n/144). Suppose 0 = 4*z + 2*c - 246 - i, -720 = -4*z + 4*c. Is z a composite number?
False
Let d(n) = -36*n**2 + 9*n + 20. Let y be d(-10). Let a = 5306 + y. Suppose 0*l = -4*l + a. Is l composite?
False
Suppose -46*k + 54*k + 624 = 0. Is (-76)/(-6)*(-68679)/k prime?
False
Let l = -60 + 62. Let i(k) = k**3 - 3*k**2 + 4. Let q be i(l). Is (2 - (0 + 1))*(389 + q) a prime number?
True
Let c be (-141525)/(-24) - (-4)/32. Suppose -c = -g - 3*j, j + 7111 = 4*g - 16503. Is g prime?
True
Let b be (-8 + (-66)/(-9))/((-2)/6). Suppose b*l + 70816 = 34*l. Is l a prime number?
True
Suppose -k + 81080 = 3*z, -4*k + 18021 + 306248 = -5*z. Is k a prime number?
True
Let z(d) = d**2 - 192 + 96 + 4*d - d**3 + 97. Let w be 1 - 1 - (-20)/(-4). Is z(w) prime?
True
Let t be ((-45)/2)/15 - 15499/(-2). Let l = t - 3145. Is l composite?
False
Let w = -1697167 - -2428550. Is w composite?
True
Let g be 444/3 - -4 - -1. Suppose 3*c = -4*z + 503, -c + 2*z - 7*z + g = 0. Suppose -3*k + 316 + c = 0. Is k composite?
False
Let y = 4 - 0. Let b be y*(0 - ((4 - 2) + -3)). Suppose 0 = -2*i - 0*i + 5*w + 634, 2*i = b*w + 634. Is i composite?
False
Let y be 22/(-165) - 452/(-15). Let z(d) = 29 + 0*d + y + 4*d + 10*d**2 - 64. Is z(8) prime?
False
Let f = -52548 - -117239. Is f prime?
False
Suppose z - 5*o = 6*z - 15, -3*o = 4*z - 9. Suppose 5*j + 0*j - 55 = z. Suppose 0 = -q - j + 98. Is q prime?
False
Let a = -1 - -3. Suppose -3*u - 9 = -2*f - 4*u, 5*f = u + 5. Suppose 730 = a*o - 2*c, f*c = -o + 7*c + 365. Is o composite?
True
Suppose 1445441 + 841712 = -4683*r + 4694*r. Is r prime?
True
Suppose 0 = -40*i - 160761 + 725201. Is i composite?
True
Let i be (-2)/(-8) - (-840)/224. Suppose i*s - 36751 = -7*s. Is s a prime number?
False
Let j = -182 - -51. Let a = 3868 + j. Is a a prime number?
False
Is -13 + 12 + (-805140)/(-10) prime?
True
Suppose 27 - 15 = -h. Is 5758/16*-2*(8 + h) composite?
False
Suppose -573196 = -4*s - 2*o, 615105 = 3*s + o + 185204. Is s a composite number?
True
Let j = -250436 + 540657. Is j prime?
False
Let f(q) = -132*q + 6. Let u be f(-6). Let a = -3064 - -4563. Let j = a - u. Is j prime?
True
Let n(s) = s**2 + 3*s - 7. Let v be n(-5). Is (-14078)/10*(-8 + v) a prime number?
True
Suppose 14*s - 123*s = -12256723. Is s prime?
False
Suppose -4*k - 8050623 = -40*k + 3041589. Is k a prime number?
True
Let x = 34 + -29. Suppose 0 = -w, -4*q + x*w = -0*q + 4. Is (-2 - 3/q)*289 prime?
False
Let x(f) = 343*f + 41. Let m be x(5). Suppose 0*g - m = -4*g. Suppose 2*b = -4*y + 10880, 0 = y + b - 3157 + g. Is y prime?
False
Suppose -3*o + 4*g = -321323, 2*g + 20026 = o - 87081. Suppose o = 30*r - 3*r. Is r prime?
True
Let o = -44351 - -245322. Is o prime?
True
Let t = 42916 - -231993. Is t composite?
False
Let s = 801 - 792. Suppose 3*l + s*r - 2760 = 6*r, -r - 1 = 0. Is l prime?
False
Suppose 489*m = 558*m - 6394161. Is m a composite number?
False
Let v = 102 - 32. Let o = v - 62. Suppose -l = 